{"id":92,"date":"2024-07-10T12:47:16","date_gmt":"2024-07-10T10:47:16","guid":{"rendered":"https:\/\/revalorizatuvivienda.com\/index.php\/our-services\/"},"modified":"2024-07-13T19:10:35","modified_gmt":"2024-07-13T17:10:35","slug":"our-services","status":"publish","type":"page","link":"https:\/\/revalorizatuvivienda.com\/index.php\/our-services\/","title":{"rendered":"Calcula eficiencia energ\u00e9tica"},"content":{"rendered":"\t\t<div data-elementor-type=\"wp-page\" data-elementor-id=\"92\" class=\"elementor elementor-92\" data-elementor-post-type=\"page\">\n\t\t\t\t<div class=\"elementor-element elementor-element-25a8cae7 e-flex e-con-boxed e-con e-parent\" data-id=\"25a8cae7\" data-element_type=\"container\">\n\t\t\t\t\t<div class=\"e-con-inner\">\n\t\t<div class=\"elementor-element elementor-element-1163c694 e-con-full e-flex e-con e-child\" data-id=\"1163c694\" data-element_type=\"container\">\n\t\t\t\t<div class=\"elementor-element elementor-element-37455a3 elementor-invisible elementor-widget elementor-widget-heading\" data-id=\"37455a3\" data-element_type=\"widget\" data-settings=\"{&quot;_animation&quot;:&quot;fadeIn&quot;}\" data-widget_type=\"heading.default\">\n\t\t\t\t<div class=\"elementor-widget-container\">\n\t\t\t\t\t<h1 class=\"elementor-heading-title elementor-size-default\">C\u00f3mo medir la eficiencia energ\u00e9tica\n<\/h1>\t\t\t\t<\/div>\n\t\t\t\t<\/div>\n\t\t\t\t<\/div>\n\t\t\t\t\t<\/div>\n\t\t\t\t<\/div>\n\t\t<div class=\"elementor-element elementor-element-2fc855d e-flex e-con-boxed e-con e-parent\" data-id=\"2fc855d\" data-element_type=\"container\" data-settings=\"{&quot;background_background&quot;:&quot;classic&quot;}\">\n\t\t\t\t\t<div class=\"e-con-inner\">\n\t\t<div class=\"elementor-element elementor-element-1a517bf e-con-full e-flex e-con e-child\" data-id=\"1a517bf\" data-element_type=\"container\">\n\t\t\t\t<\/div>\n\t\t<div class=\"elementor-element elementor-element-91c9d54 e-con-full e-flex e-con e-child\" data-id=\"91c9d54\" data-element_type=\"container\" data-settings=\"{&quot;background_background&quot;:&quot;classic&quot;}\">\n\t\t\t\t<div class=\"elementor-element elementor-element-449d963 elementor-widget elementor-widget-text-editor\" data-id=\"449d963\" data-element_type=\"widget\" data-widget_type=\"text-editor.default\">\n\t\t\t\t<div class=\"elementor-widget-container\">\n\t\t\t\t\t\t\t\t\t<p>Para comprender mejor la eficiencia energ\u00e9tica de los dispositivos, es fundamental conocer c\u00f3mo se calcula el rendimiento en t\u00e9rminos de la relaci\u00f3n entre la energ\u00eda consumida y la energ\u00eda generada. Para determinar con precisi\u00f3n la eficiencia de un sistema, se han establecido normativas internacionales que proporcionan est\u00e1ndares claros y uniformes.<\/p>\t\t\t\t\t\t\t\t<\/div>\n\t\t\t\t<\/div>\n\t\t\t\t<\/div>\n\t\t<div class=\"elementor-element elementor-element-8240981 e-con-full e-flex e-con e-child\" data-id=\"8240981\" data-element_type=\"container\">\n\t\t\t\t<\/div>\n\t\t\t\t\t<\/div>\n\t\t\t\t<\/div>\n\t\t<div class=\"elementor-element elementor-element-94ed2ed e-flex e-con-boxed e-con e-parent\" data-id=\"94ed2ed\" data-element_type=\"container\">\n\t\t\t\t\t<div class=\"e-con-inner\">\n\t\t\t\t<div class=\"elementor-element elementor-element-daa7394 elementor-widget elementor-widget-heading\" data-id=\"daa7394\" data-element_type=\"widget\" data-widget_type=\"heading.default\">\n\t\t\t\t<div class=\"elementor-widget-container\">\n\t\t\t\t\t<h2 class=\"elementor-heading-title elementor-size-default\">La norma ISO 50001 y IPMVP\n<\/h2>\t\t\t\t<\/div>\n\t\t\t\t<\/div>\n\t\t\t\t\t<\/div>\n\t\t\t\t<\/div>\n\t\t<div class=\"elementor-element elementor-element-a7e6a79 e-flex e-con-boxed e-con e-parent\" data-id=\"a7e6a79\" data-element_type=\"container\">\n\t\t\t\t\t<div class=\"e-con-inner\">\n\t\t<div class=\"elementor-element elementor-element-8115ecd e-con-full e-flex e-con e-child\" data-id=\"8115ecd\" data-element_type=\"container\" data-settings=\"{&quot;background_background&quot;:&quot;classic&quot;}\">\n\t\t\t\t<div class=\"elementor-element elementor-element-5c6435a elementor-widget elementor-widget-text-editor\" data-id=\"5c6435a\" data-element_type=\"widget\" data-widget_type=\"text-editor.default\">\n\t\t\t\t<div class=\"elementor-widget-container\">\n\t\t\t\t\t\t\t\t\tLa norma ISO 50001 establece un marco estructurado que permite a las organizaciones de cualquier tama\u00f1o o sector desarrollar e implementar sistemas de gesti\u00f3n de energ\u00eda eficaces. Este est\u00e1ndar est\u00e1 dise\u00f1ado para ayudar a las empresas a mejorar su eficiencia energ\u00e9tica de manera continua, reduciendo los costos asociados al consumo de energ\u00eda y disminuyendo las emisiones de gases de efecto invernadero.\n\n\n\n\n\n\n\t\t\t\t\t\t\t\t<\/div>\n\t\t\t\t<\/div>\n\t\t\t\t<\/div>\n\t\t<div class=\"elementor-element elementor-element-8bba455 e-con-full e-flex e-con e-child\" data-id=\"8bba455\" data-element_type=\"container\" data-settings=\"{&quot;background_background&quot;:&quot;classic&quot;}\">\n\t\t\t\t<div class=\"elementor-element elementor-element-b74f53c elementor-widget elementor-widget-text-editor\" data-id=\"b74f53c\" data-element_type=\"widget\" data-widget_type=\"text-editor.default\">\n\t\t\t\t<div class=\"elementor-widget-container\">\n\t\t\t\t\t\t\t\t\tEl IPMVP (International Performance Measurement and Verification Protocol) es un conjunto de m\u00e9todos globalmente reconocidos para medir y verificar el ahorro energ\u00e9tico de proyectos, asegurando precisi\u00f3n y fiabilidad en los resultados. Proporciona flexibilidad con cuatro opciones de verificaci\u00f3n y fomenta la transparencia y la mejora continua en la eficiencia energ\u00e9tica\t\t\t\t\t\t\t\t<\/div>\n\t\t\t\t<\/div>\n\t\t\t\t<\/div>\n\t\t\t\t\t<\/div>\n\t\t\t\t<\/div>\n\t\t<div class=\"elementor-element elementor-element-386bb85 e-flex e-con-boxed e-con e-parent\" data-id=\"386bb85\" data-element_type=\"container\">\n\t\t\t\t\t<div class=\"e-con-inner\">\n\t\t\t\t<div class=\"elementor-element elementor-element-e22c8b3 elementor-widget elementor-widget-heading\" data-id=\"e22c8b3\" data-element_type=\"widget\" data-widget_type=\"heading.default\">\n\t\t\t\t<div class=\"elementor-widget-container\">\n\t\t\t\t\t<h2 class=\"elementor-heading-title elementor-size-default\">La etiqueta de eficiencia energ\u00e9tica\n<\/h2>\t\t\t\t<\/div>\n\t\t\t\t<\/div>\n\t\t\t\t\t<\/div>\n\t\t\t\t<\/div>\n\t\t<div class=\"elementor-element elementor-element-21e05d4 e-flex e-con-boxed e-con e-parent\" data-id=\"21e05d4\" data-element_type=\"container\" data-settings=\"{&quot;background_background&quot;:&quot;classic&quot;}\">\n\t\t\t\t\t<div class=\"e-con-inner\">\n\t\t<div class=\"elementor-element elementor-element-41a57c6 e-con-full e-flex e-con e-child\" data-id=\"41a57c6\" data-element_type=\"container\" data-settings=\"{&quot;background_background&quot;:&quot;classic&quot;}\">\n\t\t\t\t<div class=\"elementor-element elementor-element-5299185 elementor-widget elementor-widget-text-editor\" data-id=\"5299185\" data-element_type=\"widget\" data-widget_type=\"text-editor.default\">\n\t\t\t\t<div class=\"elementor-widget-container\">\n\t\t\t\t\t\t\t\t\t<p>La etiqueta de eficiencia energ\u00e9tica ofrece a los consumidores informaci\u00f3n crucial sobre el rendimiento energ\u00e9tico de electrodom\u00e9sticos, dispositivos electr\u00f3nicos y otros aparatos que consumen energ\u00eda. Estas etiquetas suelen clasificar los productos en una escala de letras y colores, que va desde A (verde, m\u00e1s eficiente) hasta G (rojo, menos eficiente), proporcionando una indicaci\u00f3n clara de su eficiencia en el uso de energ\u00eda.<\/p><p>Este tipo de certificaci\u00f3n, generalmente visible en forma de adhesivo en los productos, juega un papel esencial en la promoci\u00f3n de pr\u00e1cticas sostenibles y en la conservaci\u00f3n de recursos naturales. Adem\u00e1s de beneficiar a los consumidores individuales, estas etiquetas tambi\u00e9n apoyan los esfuerzos gubernamentales para lograr metas m\u00e1s amplias de eficiencia y ahorro energ\u00e9tico.<\/p>\t\t\t\t\t\t\t\t<\/div>\n\t\t\t\t<\/div>\n\t\t\t\t<\/div>\n\t\t<div class=\"elementor-element elementor-element-e94f5f1 e-con-full e-flex e-con e-child\" data-id=\"e94f5f1\" data-element_type=\"container\">\n\t\t\t\t<div class=\"elementor-element elementor-element-45102aa elementor-widget elementor-widget-image\" data-id=\"45102aa\" data-element_type=\"widget\" data-widget_type=\"image.default\">\n\t\t\t\t<div class=\"elementor-widget-container\">\n\t\t\t\t\t\t\t\t\t\t\t\t\t\t\t<img fetchpriority=\"high\" decoding=\"async\" width=\"500\" height=\"500\" src=\"https:\/\/revalorizatuvivienda.com\/wp-content\/uploads\/2024\/07\/etiqueta-eficiencia-energetica.png\" class=\"attachment-large size-large wp-image-365\" alt=\"\" srcset=\"https:\/\/revalorizatuvivienda.com\/wp-content\/uploads\/2024\/07\/etiqueta-eficiencia-energetica.png 500w, https:\/\/revalorizatuvivienda.com\/wp-content\/uploads\/2024\/07\/etiqueta-eficiencia-energetica-300x300.png 300w, https:\/\/revalorizatuvivienda.com\/wp-content\/uploads\/2024\/07\/etiqueta-eficiencia-energetica-150x150.png 150w\" sizes=\"(max-width: 500px) 100vw, 500px\" \/>\t\t\t\t\t\t\t\t\t\t\t\t\t\t\t<\/div>\n\t\t\t\t<\/div>\n\t\t\t\t<div class=\"elementor-element elementor-element-1d55dba elementor-widget elementor-widget-heading\" data-id=\"1d55dba\" data-element_type=\"widget\" data-widget_type=\"heading.default\">\n\t\t\t\t<div class=\"elementor-widget-container\">\n\t\t\t\t\t<h2 class=\"elementor-heading-title elementor-size-default\">La etiqueta de eficiencia energ\u00e9tica y sus escalas\n<\/h2>\t\t\t\t<\/div>\n\t\t\t\t<\/div>\n\t\t\t\t<\/div>\n\t\t\t\t\t<\/div>\n\t\t\t\t<\/div>\n\t\t<div class=\"elementor-element elementor-element-5ac820d e-flex e-con-boxed e-con e-parent\" data-id=\"5ac820d\" data-element_type=\"container\">\n\t\t\t\t\t<div class=\"e-con-inner\">\n\t\t\t\t\t<\/div>\n\t\t\t\t<\/div>\n\t\t<div class=\"elementor-element elementor-element-e68db7b e-flex e-con-boxed e-con e-parent\" data-id=\"e68db7b\" data-element_type=\"container\">\n\t\t\t\t\t<div class=\"e-con-inner\">\n\t\t<div class=\"elementor-element elementor-element-c8fe84b e-con-full e-flex e-con e-child\" data-id=\"c8fe84b\" data-element_type=\"container\">\n\t\t\t\t<div class=\"elementor-element elementor-element-94f84a6 elementor-widget elementor-widget-image\" data-id=\"94f84a6\" data-element_type=\"widget\" data-widget_type=\"image.default\">\n\t\t\t\t<div class=\"elementor-widget-container\">\n\t\t\t\t\t\t\t\t\t\t\t\t\t\t\t<img decoding=\"async\" width=\"100\" height=\"100\" src=\"https:\/\/revalorizatuvivienda.com\/wp-content\/uploads\/2024\/07\/1.png\" class=\"attachment-large size-large wp-image-385\" alt=\"\" \/>\t\t\t\t\t\t\t\t\t\t\t\t\t\t\t<\/div>\n\t\t\t\t<\/div>\n\t\t\t\t<div class=\"elementor-element elementor-element-68f166c elementor-widget elementor-widget-text-editor\" data-id=\"68f166c\" data-element_type=\"widget\" data-widget_type=\"text-editor.default\">\n\t\t\t\t<div class=\"elementor-widget-container\">\n\t\t\t\t\t\t\t\t\tFrigor\u00edficos y neveras\t\t\t\t\t\t\t\t<\/div>\n\t\t\t\t<\/div>\n\t\t\t\t<\/div>\n\t\t<div class=\"elementor-element elementor-element-668bf13 e-con-full e-flex e-con e-child\" data-id=\"668bf13\" data-element_type=\"container\">\n\t\t\t\t<div class=\"elementor-element elementor-element-88dd85c elementor-widget elementor-widget-image\" data-id=\"88dd85c\" data-element_type=\"widget\" data-widget_type=\"image.default\">\n\t\t\t\t<div class=\"elementor-widget-container\">\n\t\t\t\t\t\t\t\t\t\t\t\t\t\t\t<img decoding=\"async\" width=\"100\" height=\"100\" src=\"https:\/\/revalorizatuvivienda.com\/wp-content\/uploads\/2024\/07\/2.png\" class=\"attachment-large size-large wp-image-386\" alt=\"\" \/>\t\t\t\t\t\t\t\t\t\t\t\t\t\t\t<\/div>\n\t\t\t\t<\/div>\n\t\t\t\t<div class=\"elementor-element elementor-element-7c0e17f elementor-widget elementor-widget-text-editor\" data-id=\"7c0e17f\" data-element_type=\"widget\" data-widget_type=\"text-editor.default\">\n\t\t\t\t<div class=\"elementor-widget-container\">\n\t\t\t\t\t\t\t\t\tLavavajillas\t\t\t\t\t\t\t\t<\/div>\n\t\t\t\t<\/div>\n\t\t\t\t<\/div>\n\t\t<div class=\"elementor-element elementor-element-3ad32e2 e-con-full e-flex e-con e-child\" data-id=\"3ad32e2\" data-element_type=\"container\">\n\t\t\t\t<div class=\"elementor-element elementor-element-f3ab37d elementor-widget elementor-widget-image\" data-id=\"f3ab37d\" data-element_type=\"widget\" data-widget_type=\"image.default\">\n\t\t\t\t<div class=\"elementor-widget-container\">\n\t\t\t\t\t\t\t\t\t\t\t\t\t\t\t<img loading=\"lazy\" decoding=\"async\" width=\"100\" height=\"100\" src=\"https:\/\/revalorizatuvivienda.com\/wp-content\/uploads\/2024\/07\/5.png\" class=\"attachment-large size-large wp-image-389\" alt=\"\" \/>\t\t\t\t\t\t\t\t\t\t\t\t\t\t\t<\/div>\n\t\t\t\t<\/div>\n\t\t\t\t<div class=\"elementor-element elementor-element-646df35 elementor-widget elementor-widget-text-editor\" data-id=\"646df35\" data-element_type=\"widget\" data-widget_type=\"text-editor.default\">\n\t\t\t\t<div class=\"elementor-widget-container\">\n\t\t\t\t\t\t\t\t\tHornos el\u00e9ctricos\t\t\t\t\t\t\t\t<\/div>\n\t\t\t\t<\/div>\n\t\t\t\t<\/div>\n\t\t<div class=\"elementor-element elementor-element-fa9de01 e-con-full e-flex e-con e-child\" data-id=\"fa9de01\" data-element_type=\"container\">\n\t\t\t\t<div class=\"elementor-element elementor-element-890b061 elementor-widget elementor-widget-image\" data-id=\"890b061\" data-element_type=\"widget\" data-widget_type=\"image.default\">\n\t\t\t\t<div class=\"elementor-widget-container\">\n\t\t\t\t\t\t\t\t\t\t\t\t\t\t\t<img loading=\"lazy\" decoding=\"async\" width=\"100\" height=\"100\" src=\"https:\/\/revalorizatuvivienda.com\/wp-content\/uploads\/2024\/07\/7.png\" class=\"attachment-large size-large wp-image-391\" alt=\"\" \/>\t\t\t\t\t\t\t\t\t\t\t\t\t\t\t<\/div>\n\t\t\t\t<\/div>\n\t\t\t\t<div class=\"elementor-element elementor-element-1353b18 elementor-widget elementor-widget-text-editor\" data-id=\"1353b18\" data-element_type=\"widget\" data-widget_type=\"text-editor.default\">\n\t\t\t\t<div class=\"elementor-widget-container\">\n\t\t\t\t\t\t\t\t\t<p>Lavadoras y secadoras<\/p>\t\t\t\t\t\t\t\t<\/div>\n\t\t\t\t<\/div>\n\t\t\t\t<\/div>\n\t\t<div class=\"elementor-element elementor-element-35b563e e-con-full e-flex e-con e-child\" data-id=\"35b563e\" data-element_type=\"container\">\n\t\t\t\t<div class=\"elementor-element elementor-element-56e4d83 elementor-widget elementor-widget-image\" data-id=\"56e4d83\" data-element_type=\"widget\" data-widget_type=\"image.default\">\n\t\t\t\t<div class=\"elementor-widget-container\">\n\t\t\t\t\t\t\t\t\t\t\t\t\t\t\t<img loading=\"lazy\" decoding=\"async\" width=\"100\" height=\"100\" src=\"https:\/\/revalorizatuvivienda.com\/wp-content\/uploads\/2024\/07\/6.png\" class=\"attachment-large size-large wp-image-390\" alt=\"\" \/>\t\t\t\t\t\t\t\t\t\t\t\t\t\t\t<\/div>\n\t\t\t\t<\/div>\n\t\t\t\t<div class=\"elementor-element elementor-element-0f70c1e elementor-widget elementor-widget-text-editor\" data-id=\"0f70c1e\" data-element_type=\"widget\" data-widget_type=\"text-editor.default\">\n\t\t\t\t<div class=\"elementor-widget-container\">\n\t\t\t\t\t\t\t\t\t<p>Aires acondicionados<\/p>\t\t\t\t\t\t\t\t<\/div>\n\t\t\t\t<\/div>\n\t\t\t\t<\/div>\n\t\t<div class=\"elementor-element elementor-element-9ab8eea e-con-full e-flex e-con e-child\" data-id=\"9ab8eea\" data-element_type=\"container\">\n\t\t\t\t<div class=\"elementor-element elementor-element-47369d5 elementor-widget elementor-widget-image\" data-id=\"47369d5\" data-element_type=\"widget\" data-widget_type=\"image.default\">\n\t\t\t\t<div class=\"elementor-widget-container\">\n\t\t\t\t\t\t\t\t\t\t\t\t\t\t\t<img loading=\"lazy\" decoding=\"async\" width=\"100\" height=\"100\" src=\"https:\/\/revalorizatuvivienda.com\/wp-content\/uploads\/2024\/07\/3.png\" class=\"attachment-large size-large wp-image-387\" alt=\"\" \/>\t\t\t\t\t\t\t\t\t\t\t\t\t\t\t<\/div>\n\t\t\t\t<\/div>\n\t\t\t\t<div class=\"elementor-element elementor-element-3e12813 elementor-widget elementor-widget-text-editor\" data-id=\"3e12813\" data-element_type=\"widget\" data-widget_type=\"text-editor.default\">\n\t\t\t\t<div class=\"elementor-widget-container\">\n\t\t\t\t\t\t\t\t\t<p>L\u00e1mparas y bombillas<\/p>\t\t\t\t\t\t\t\t<\/div>\n\t\t\t\t<\/div>\n\t\t\t\t<\/div>\n\t\t<div class=\"elementor-element elementor-element-a62ab81 e-con-full e-flex e-con e-child\" data-id=\"a62ab81\" data-element_type=\"container\">\n\t\t\t\t<div class=\"elementor-element elementor-element-f2b2e1d elementor-widget elementor-widget-image\" data-id=\"f2b2e1d\" data-element_type=\"widget\" data-widget_type=\"image.default\">\n\t\t\t\t<div class=\"elementor-widget-container\">\n\t\t\t\t\t\t\t\t\t\t\t\t\t\t\t<img loading=\"lazy\" decoding=\"async\" width=\"100\" height=\"100\" src=\"https:\/\/revalorizatuvivienda.com\/wp-content\/uploads\/2024\/07\/4.png\" class=\"attachment-large size-large wp-image-388\" alt=\"\" \/>\t\t\t\t\t\t\t\t\t\t\t\t\t\t\t<\/div>\n\t\t\t\t<\/div>\n\t\t\t\t<div class=\"elementor-element elementor-element-2578d0e elementor-widget elementor-widget-text-editor\" data-id=\"2578d0e\" data-element_type=\"widget\" data-widget_type=\"text-editor.default\">\n\t\t\t\t<div class=\"elementor-widget-container\">\n\t\t\t\t\t\t\t\t\t<p>Televisiones y pantallas<\/p>\t\t\t\t\t\t\t\t<\/div>\n\t\t\t\t<\/div>\n\t\t\t\t<\/div>\n\t\t<div class=\"elementor-element elementor-element-8445c5c e-con-full e-flex e-con e-child\" data-id=\"8445c5c\" data-element_type=\"container\" data-settings=\"{&quot;background_background&quot;:&quot;classic&quot;}\">\n\t\t\t\t<div class=\"elementor-element elementor-element-4d134a8 elementor-widget elementor-widget-heading\" data-id=\"4d134a8\" data-element_type=\"widget\" data-widget_type=\"heading.default\">\n\t\t\t\t<div class=\"elementor-widget-container\">\n\t\t\t\t\t<h2 class=\"elementor-heading-title elementor-size-default\">Electrodom\u00e9sticos que han de tener la etiqueta energ\u00e9tica\n<\/h2>\t\t\t\t<\/div>\n\t\t\t\t<\/div>\n\t\t\t\t<\/div>\n\t\t<div class=\"elementor-element elementor-element-7c4e4d7 e-con-full e-flex e-con e-child\" data-id=\"7c4e4d7\" data-element_type=\"container\" data-settings=\"{&quot;background_background&quot;:&quot;classic&quot;}\">\n\t\t\t\t<\/div>\n\t\t\t\t\t<\/div>\n\t\t\t\t<\/div>\n\t\t<div class=\"elementor-element elementor-element-7ae5600 e-flex e-con-boxed e-con e-parent\" data-id=\"7ae5600\" data-element_type=\"container\" data-settings=\"{&quot;background_background&quot;:&quot;classic&quot;}\">\n\t\t\t\t\t<div class=\"e-con-inner\">\n\t\t<div class=\"elementor-element elementor-element-0d0dd29 e-con-full e-flex e-con e-child\" data-id=\"0d0dd29\" data-element_type=\"container\" data-settings=\"{&quot;background_background&quot;:&quot;classic&quot;}\">\n\t\t\t\t<div class=\"elementor-element elementor-element-2e5b2a8 elementor-widget elementor-widget-text-editor\" data-id=\"2e5b2a8\" data-element_type=\"widget\" data-widget_type=\"text-editor.default\">\n\t\t\t\t<div class=\"elementor-widget-container\">\n\t\t\t\t\t\t\t\t\t<p>\u00bfVives en un edificio construido antes de 2007 y quieres aumentar su valor, as\u00ed como el de tu vivienda particular?<\/p><p>\u00a1Ahora es muy sencillo! Con las numerosas ayudas disponibles hoy en d\u00eda, mejorar la eficiencia energ\u00e9tica de tu edificio no solo es accesible, sino tambi\u00e9n una excelente inversi\u00f3n.<\/p><p>Adem\u00e1s, mantenerse al d\u00eda en eficiencia energ\u00e9tica no solo beneficiar\u00e1 tu bolsillo, sino que pronto ser\u00e1 una obligaci\u00f3n. \u00a1No esperes m\u00e1s para modernizar tu hogar y aumentar su valor!<\/p>\t\t\t\t\t\t\t\t<\/div>\n\t\t\t\t<\/div>\n\t\t\t\t<\/div>\n\t\t<div class=\"elementor-element elementor-element-5a41910 e-con-full e-flex e-con e-child\" data-id=\"5a41910\" data-element_type=\"container\">\n\t\t\t\t<div class=\"elementor-element elementor-element-fd79071 elementor-widget elementor-widget-image\" data-id=\"fd79071\" data-element_type=\"widget\" data-widget_type=\"image.default\">\n\t\t\t\t<div class=\"elementor-widget-container\">\n\t\t\t\t\t\t\t\t\t\t\t\t\t\t\t<img loading=\"lazy\" decoding=\"async\" width=\"500\" height=\"500\" src=\"https:\/\/revalorizatuvivienda.com\/wp-content\/uploads\/2024\/07\/7-1.png\" class=\"attachment-large size-large wp-image-411\" alt=\"\" srcset=\"https:\/\/revalorizatuvivienda.com\/wp-content\/uploads\/2024\/07\/7-1.png 500w, https:\/\/revalorizatuvivienda.com\/wp-content\/uploads\/2024\/07\/7-1-300x300.png 300w, https:\/\/revalorizatuvivienda.com\/wp-content\/uploads\/2024\/07\/7-1-150x150.png 150w\" sizes=\"(max-width: 500px) 100vw, 500px\" \/>\t\t\t\t\t\t\t\t\t\t\t\t\t\t\t<\/div>\n\t\t\t\t<\/div>\n\t\t\t\t<\/div>\n\t\t\t\t\t<\/div>\n\t\t\t\t<\/div>\n\t\t\t\t<\/div>\n\t\t","protected":false},"excerpt":{"rendered":"<p>C\u00f3mo medir la eficiencia energ\u00e9tica Para comprender mejor la eficiencia energ\u00e9tica de los dispositivos, es fundamental conocer c\u00f3mo se calcula el rendimiento en t\u00e9rminos de la relaci\u00f3n entre la energ\u00eda consumida y la energ\u00eda generada. Para determinar con precisi\u00f3n la eficiencia de un sistema, se han establecido normativas internacionales que proporcionan est\u00e1ndares claros y uniformes. [&hellip;]<\/p>\n","protected":false},"author":1,"featured_media":102,"parent":0,"menu_order":0,"comment_status":"closed","ping_status":"closed","template":"elementor_header_footer","meta":{"footnotes":""},"class_list":["post-92","page","type-page","status-publish","has-post-thumbnail","hentry"],"_links":{"self":[{"href":"https:\/\/revalorizatuvivienda.com\/index.php\/wp-json\/wp\/v2\/pages\/92","targetHints":{"allow":["GET"]}}],"collection":[{"href":"https:\/\/revalorizatuvivienda.com\/index.php\/wp-json\/wp\/v2\/pages"}],"about":[{"href":"https:\/\/revalorizatuvivienda.com\/index.php\/wp-json\/wp\/v2\/types\/page"}],"author":[{"embeddable":true,"href":"https:\/\/revalorizatuvivienda.com\/index.php\/wp-json\/wp\/v2\/users\/1"}],"replies":[{"embeddable":true,"href":"https:\/\/revalorizatuvivienda.com\/index.php\/wp-json\/wp\/v2\/comments?post=92"}],"version-history":[{"count":98,"href":"https:\/\/revalorizatuvivienda.com\/index.php\/wp-json\/wp\/v2\/pages\/92\/revisions"}],"predecessor-version":[{"id":423,"href":"https:\/\/revalorizatuvivienda.com\/index.php\/wp-json\/wp\/v2\/pages\/92\/revisions\/423"}],"wp:featuredmedia":[{"embeddable":true,"href":"https:\/\/revalorizatuvivienda.com\/index.php\/wp-json\/wp\/v2\/media\/102"}],"wp:attachment":[{"href":"https:\/\/revalorizatuvivienda.com\/index.php\/wp-json\/wp\/v2\/media?parent=92"}],"curies":[{"name":"wp","href":"https:\/\/api.w.org\/{rel}","templated":true}]}}